culate the greatest common factor of 4188 and 96.
12
Calculate the highest common divisor of 5057 and 39.
13
What is the highest common divisor of 33 and 143?
11
Calculate the greatest common factor of 288 and 128.
32
What is the greatest common factor of 1088 and 34?
34
Calculate the greatest common divisor of 1624 and 1972.
116
Calculate the greatest common divisor of 171 and 209.
19
What is the highest common divisor of 50 and 590?
10
Calculate the highest common factor of 7020 and 40.
20
Calculate the highest common factor of 132 and 4268.
44
Calculate the highest common divisor of 3 and 5.
1
Calculate the greatest common divisor of 18245 and 205.
205
What is the greatest common factor of 78 and 1989?
39
Calculate the greatest common divisor of 351 and 1066.
13
What is the highest common divisor of 75 and 100?
25
What is the greatest common factor of 5377 and 19?
19
Calculate the greatest common factor of 160 and 360.
40
Calculate the greatest common factor of 18110 and 20.
10
Calculate the highest common factor of 88 and 784.
8
What is the greatest common factor of 660 and 13728?
132
What is the greatest common factor of 46 and 8878?
46
Calculate the greatest common divisor of 805 and 1495.
115
What is the highest common factor of 38 and 1159?
19
Calculate the greatest common divisor of 434 and 3286.
62
What is the greatest common divisor of 40 and 600?
40
What is the greatest common divisor of 808 and 40?
8
What is the greatest common factor of 12 and 852?
12
Calculate the highest common divisor of 909 and 5959.
101
What is the highest common factor of 600 and 35?
5
Calculate the highest common divisor of 18841 and 83.
83
What is the highest common divisor of 154 and 3003?
77
What is the highest common factor of 56 and 126?
14
Calculate the highest common factor of 3789 and 36.
9
What is the greatest common divisor of 135 and 180?
45
Calculate the highest common divisor of 24 and 384.
24
Calculate the highest common factor of 9785 and 206.
103
Calculate the highest common factor of 30 and 240.
30
Calculate the highest common factor of 11 and 1331.
11
Calculate the highest common factor of 2818 and 6.
2
What is the greatest common divisor of 32844 and 12?
12
What is the highest common divisor of 84 and 156?
12
What is the greatest common divisor of 1 and 63?
1
What is the greatest common divisor of 3100 and 80?
20
What is the highest common divisor of 1296 and 16?
16
Calculate the highest common factor of 154 and 6699.
77
What is the greatest common factor of 4796 and 1012?
44
What is the greatest common factor of 8 and 28088?
8
Calculate the greatest common divisor of 6 and 438.
6
Calculate the greatest common factor of 15 and 690.
15
What is the highest common divisor of 12 and 12?
12
What is the greatest common factor of 4199 and 1105?
221
Calculate the greatest common factor of 189 and 7245.
63
What is the greatest common factor of 551 and 38?
19
What is the greatest common divisor of 15 and 9375?
15
What is the greatest common factor of 14 and 56?
14
Calculate the greatest common divisor of 4626 and 72.
18
What is the highest common factor of 13014 and 54?
54
Calculate the greatest common factor of 351 and 26.
13
Calculate the highest common factor of 210 and 1820.
70
Calculate the highest common divisor of 14 and 460.
2
Calculate the highest common divisor of 18 and 18.
18
What is the greatest common divisor of 64 and 184?
8
Calculate the highest common divisor of 256 and 2112.
64
Calculate the highest common factor of 4690 and 2546.
134
Calculate the greatest common factor of 295 and 86730.
295
What is the greatest common factor of 663 and 34?
17
What is the highest common divisor of 7404 and 108?
12
What is the highest common divisor of 266 and 2204?
38
What is the greatest common factor of 3825 and 15?
15
What is the greatest common factor of 2470 and 52?
26
Calculate the highest common divisor of 2938 and 226.
226
What is the highest common divisor of 481 and 148?
37
What is the greatest common divisor of 72 and 1602?
18
Calculate the highest common divisor of 12 and 6.
6
What is the highest common divisor of 2 and 562?
2
What is the greatest common divisor of 1095 and 15?
15
Calculate the greatest common divisor of 288 and 2448.
144
What is the highest common divisor of 112 and 48?
16
Calculate the highest common divisor of 105 and 30.
15
What is the greatest common divisor of 6444 and 108?
36
Calculate the highest common factor of 800 and 75.
25
What is the greatest common divisor of 2128 and 133?
133
Calculate the highest common divisor of 60 and 140.
20
What is the greatest common factor of 88 and 6248?
88
What is the greatest common divisor of 308 and 396?
44
Calculate the highest common factor of 12 and 124.
4
Calculate the greatest common divisor of 25210 and 20.
10
What is the greatest common divisor of 6 and 2586?
6
Calculate the highest common factor of 24 and 64248.
24
What is the greatest common factor of 364 and 52?
52
Calculate the highest common factor of 112 and 28.
28
What is the highest common factor of 495 and 285?
15
Calculate the greatest common divisor of 92 and 23.
23
What is the highest common factor of 13692 and 163?
163
What is the greatest common divisor of 726 and 594?
66
Calculate the highest common factor of 42 and 1414.
14
Calculate the greatest common factor of 133 and 19.
19
Calculate the highest common factor of 3 and 12.
3
What is the highest common factor of 795 and 30?
15
Calculate the greatest common divisor of 225 and 45.
45
What is the highest common divisor of 145 and 15?
5
Calculate the greatest common factor of 48 and 648.
24
What is the highest common factor of 368 and 80?
16
Calculate the highest common factor of 6 and 7842.
6
Calculate the highest common divisor of 22 and 16522.
22
What is the greatest common factor of 2 and 1066?
2
What is the highest common divisor of 11627 and 77?
77
Calculate the greatest common divisor of 680 and 40.
40
What is the highest common factor of 26 and 832?
26
Calculate the highest common divisor of 1233 and 4247.
137
What is the greatest common divisor of 39 and 39?
39
What is the highest common factor of 14 and 777?
7
What is the highest common factor of 594 and 33?
33
What is the greatest common factor of 999 and 27?
27
Calculate the highest common divisor of 45 and 230.
5
What is the greatest common divisor of 5810 and 10?
10
Calculate the highest common factor of 5529 and 114.
57
Calculate the highest common divisor of 24 and 258.
6
What is the highest common factor of 735 and 525?
105
Calculate the highest common divisor of 125 and 325.
25
What is the highest common factor of 1 and 37?
1
What is the greatest common divisor of 1032 and 48?
24
What is the greatest common factor of 808 and 101?
101
What is the highest common divisor of 833 and 392?
49
Calculate the greatest common divisor of 27 and 486.
27
What is the greatest common divisor of 68 and 578?
34
Calculate the greatest common factor of 40 and 192.
8
What is the highest common divisor of 105 and 175?
35
Calculate the greatest common factor of 8261 and 22.
11
What is the greatest common factor of 191 and 1146?
191
Calculate the highest common divisor of 154 and 1672.
22
Calculate the greatest common factor of 12 and 4500.
12
What is the greatest common divisor of 52 and 1534?
26
What is the greatest common divisor of 40 and 50?
10
What is the greatest common divisor of 825 and 150?
75
What is the greatest common divisor of 11145 and 15?
15
Calculate the greatest common divisor of 72 and 5832.
72
Calculate the greatest common factor of 19 and 304.
19
Calculate the highest common factor of 85 and 5.
5
Calculate the highest common divisor of 726 and 2838.
66
What is the greatest common divisor of 159 and 6?
3
What is the greatest common divisor of 14 and 29470?
14
What is the greatest common divisor of 2201 and 899?
31
What is the highest common divisor of 25 and 3995?
5
Calculate the highest common divisor of 187 and 16.
1
Calculate the highest common factor of 13460 and 20.
20
What is the highest common divisor of 249 and 6?
3
Calculate the greatest common factor of 66 and 462.
66
What is the highest common divisor of 5406 and 408?
102
Calculate the highest common factor of 17 and 38